r when 10034 is divided by 385?
24
What is the remainder when 53048 is divided by 159?
101
Calculate the remainder when 1975 is divided by 919.
137
What is the remainder when 48980 is divided by 471?
467
What is the remainder when 103442 is divided by 44?
42
What is the remainder when 217699 is divided by 646?
643
Calculate the remainder when 138 is divided by 36.
30
Calculate the remainder when 136162 is divided by 241.
238
Calculate the remainder when 3196 is divided by 1584.
28
Calculate the remainder when 1534 is divided by 222.
202
Calculate the remainder when 16674 is divided by 102.
48
What is the remainder when 34304 is divided by 981?
950
What is the remainder when 251 is divided by 134?
117
Calculate the remainder when 256441 is divided by 1676.
13
Calculate the remainder when 123567 is divided by 542.
533
What is the remainder when 7100 is divided by 41?
7
What is the remainder when 3498 is divided by 937?
687
What is the remainder when 115203 is divided by 273?
270
What is the remainder when 8406 is divided by 125?
31
What is the remainder when 783560 is divided by 2226?
8
What is the remainder when 79545 is divided by 19881?
21
Calculate the remainder when 30456 is divided by 157.
155
What is the remainder when 136847 is divided by 230?
227
Calculate the remainder when 9348 is divided by 2736.
1140
Calculate the remainder when 2931 is divided by 340.
211
Calculate the remainder when 194792 is divided by 297.
257
Calculate the remainder when 33567 is divided by 1139.
536
What is the remainder when 8309 is divided by 54?
47
Calculate the remainder when 30484 is divided by 115.
9
Calculate the remainder when 10760 is divided by 536.
40
Calculate the remainder when 47080 is divided by 9375.
205
What is the remainder when 149315 is divided by 23?
22
Calculate the remainder when 47210 is divided by 23595.
20
What is the remainder when 38659 is divided by 224?
131
What is the remainder when 4120 is divided by 63?
25
What is the remainder when 108429 is divided by 9?
6
What is the remainder when 1759 is divided by 295?
284
What is the remainder when 17741 is divided by 38?
33
Calculate the remainder when 203843 is divided by 1368.
11
What is the remainder when 39856 is divided by 1332?
1228
What is the remainder when 2919 is divided by 1109?
701
Calculate the remainder when 36343 is divided by 223.
217
What is the remainder when 1216 is divided by 139?
104
Calculate the remainder when 8868 is divided by 181.
180
Calculate the remainder when 1941 is divided by 179.
151
What is the remainder when 2948 is divided by 66?
44
Calculate the remainder when 12323 is divided by 288.
227
Calculate the remainder when 11386 is divided by 94.
12
What is the remainder when 46212 is divided by 218?
214
Calculate the remainder when 22188 is divided by 85.
3
Calculate the remainder when 2700 is divided by 335.
20
What is the remainder when 2149 is divided by 43?
42
What is the remainder when 110940 is divided by 165?
60
What is the remainder when 404 is divided by 100?
4
Calculate the remainder when 139269 is divided by 37.
1
Calculate the remainder when 20010 is divided by 66.
12
Calculate the remainder when 3423 is divided by 9.
3
What is the remainder when 1132 is divided by 62?
16
What is the remainder when 153229 is divided by 84?
13
Calculate the remainder when 2882 is divided by 21.
5
What is the remainder when 3076 is divided by 44?
40
Calculate the remainder when 466886 is divided by 394.
390
What is the remainder when 167034 is divided by 288?
282
Calculate the remainder when 54566 is divided by 140.
106
What is the remainder when 4736 is divided by 4145?
591
Calculate the remainder when 31984 is divided by 1684.
1672
What is the remainder when 103125 is divided by 51562?
1
What is the remainder when 155846 is divided by 62?
40
What is the remainder when 74167 is divided by 8?
7
Calculate the remainder when 358071 is divided by 17903.
11
What is the remainder when 44475 is divided by 72?
51
What is the remainder when 1018 is divided by 17?
15
Calculate the remainder when 18305 is divided by 9097.
111
Calculate the remainder when 367425 is divided by 12.
9
Calculate the remainder when 833 is divided by 282.
269
Calculate the remainder when 460824 is divided by 134.
132
Calculate the remainder when 419900 is divided by 6883.
37
What is the remainder when 19117 is divided by 6346?
79
What is the remainder when 424 is divided by 104?
8
Calculate the remainder when 6096698 is divided by 141.
140
What is the remainder when 514 is divided by 33?
19
What is the remainder when 303847 is divided by 53?
51
What is the remainder when 25117 is divided by 38?
37
Calculate the remainder when 1087211 is divided by 172.
171
Calculate the remainder when 3829 is divided by 71.
66
Calculate the remainder when 33537 is divided by 1763.
40
Calculate the remainder when 218516 is divided by 217.
214
Calculate the remainder when 12979 is divided by 20.
19
Calculate the remainder when 13490 is divided by 201.
23
What is the remainder when 1818 is divided by 352?
58
Calculate the remainder when 109270 is divided by 54584.
102
Calculate the remainder when 1277 is divided by 314.
21
What is the remainder when 488358 is divided by 47?
28
Calculate the remainder when 2233578 is divided by 580.
578
Calculate the remainder when 27101 is divided by 82.
41
Calculate the remainder when 61473 is divided by 48.
33
Calculate the remainder when 2606725 is divided by 31.
28
What is the remainder when 592 is divided by 483?
109
Calculate the remainder when 749262 is divided by 234.
228
Calculate the remainder when 56505 is divided by 38.
37
Calculate the remainder when 3593 is divided by 430.
153
Calculate the remainder when 629964 is divided by 604.
596
Calculate the remainder when 2290 is divided by 1086.
118
What is the remainder when 26816 is divided by 8935?
11
Calculate the remainder when 1805 is divided by 345.
80
What is the remainder when 32297 is divided by 60?
17
Calculate the remainder when 113251 is divided by 28309.
15
Calculate the remainder when 4507549 is divided by 112.
109
What is the remainder when 101898 is divided by 50936?
26
What is the remainder when 16563 is divided by 51?
39
Calculate the remainder when 10271 is divided by 34.
3
What is the remainder when 22852 is divided by 22741?
111
What is the remainder when 19152 is divided by 122?
120
What is the remainder when 973 is divided by 239?
17
Calculate the remainder when 20238 is divided by 5045.
58
Calculate the remainder when 2894 is divided by 362.
360
What is the remainder when 131032 is divided by 48?
40
Calculate the remainder when 22887 is divided by 7.
4
What is the remainder when 37742 is divided by 90?
32
What is the remainder when 25001 is divided by 51?
11
What is the remainder when 290992 is divided by 43?
11
Calculate the remainder when 254 is divided by 89.
76
What is the remainder when 46440 is divided by 494?
4
Calculate the remainder when 333 is divided by 327.
6
What is the remainder when 1353405 is divided by 424?
421
Calculate the remainder when 619 is divided by 363.
256
Calculate the remainder when 61672 is divided by 54.
4
Calculate the remainder when 26199 is divided by 1247.
12
Calculate the remainder when 3156 is divided by 249.
168
Calculate the remainder when 14977 is divided by 27.
19
Calculate the remainder when 815477 is divided by 190.
187
What is the remainder when 16202 is divided by 646?
52
What is the remainder when 6854 is divided by 342?
14
Calculate the remainder when 187 is divided by 57.
16
Calculate the remainder when 232959 is divided by 246.
243
What is the remainder when 7507 is divided by 782?
469
What is the remainder when 180868 is divided by 1070?
38
Calculate the remainder when 4550 is divided by 1264.
758
What is the remainder when 29281 is divided by 4?
1
What is the remainder when 29875 is divided by 5974?
5
Calculate the remainder when 23792 is divided by 2377.
22
Calculate the remainder when 13739 is divided by 1686.
251
What is the remainder when 32517 is divided by 833?
30
What is the remainder when 50575 is divided by 90?
85
Calculate the remainder when 70451 is divided by 11741.
5
Calculate the remainder when 6298 is divided by 1045.
28
Calculate 